e
Does 16 divide 1888?
True
Does 126 divide 252?
True
Does 36 divide 1508?
False
Is 10 a factor of 2138?
False
Is 550 a multiple of 4?
False
Is 106 a factor of 1378?
True
Is 24 a factor of 10344?
True
Does 27 divide 1701?
True
Does 15 divide 17325?
True
Is 115 a factor of 2990?
True
Is 295 even?
False
Is 66 a factor of 14701?
False
Is 11904 a multiple of 28?
False
Is 91 a factor of 39130?
True
Does 86 divide 21538?
False
Does 39 divide 5358?
False
Does 5 divide 2401?
False
Is 4666 a multiple of 20?
False
Is 11640 a multiple of 10?
True
Is 18 a factor of 3142?
False
Does 13 divide 700?
False
Is 47 a factor of 1786?
True
Is 6082 a multiple of 10?
False
Is 396 a multiple of 3?
True
Is 8 a multiple of 3?
False
Does 55 divide 7584?
False
Does 42 divide 74550?
True
Does 52 divide 6553?
False
Is 5762 a multiple of 86?
True
Does 43 divide 1935?
True
Is 50 a factor of 14500?
True
Does 80 divide 7600?
True
Is 2250 a multiple of 19?
False
Is 26 a factor of 12792?
True
Does 7 divide 28?
True
Does 39 divide 546?
True
Is 3515 a multiple of 30?
False
Does 59 divide 6726?
True
Is 26860 a multiple of 158?
True
Is 11 a factor of 1738?
True
Is 5390 a multiple of 110?
True
Is 425 a multiple of 17?
True
Is 845 a multiple of 10?
False
Does 26 divide 2548?
True
Is 2 a factor of 565?
False
Does 49 divide 2597?
True
Is 18 a factor of 2340?
True
Is 318 a multiple of 91?
False
Is 6925 a multiple of 63?
False
Does 28 divide 747?
False
Is 16 a factor of 480?
True
Does 21 divide 60517?
False
Does 16 divide 840?
False
Does 91 divide 546?
True
Is 4 a factor of 4510?
False
Is 4 a factor of 40?
True
Does 8 divide 557?
False
Is 7015 a multiple of 61?
True
Does 176 divide 713?
False
Is 59327 a multiple of 7?
False
Does 43 divide 7057?
False
Is 480 a multiple of 7?
False
Is 376 a multiple of 8?
True
Is 24361 a multiple of 23?
False
Does 55 divide 3960?
True
Does 47 divide 18372?
False
Is 1349 a multiple of 8?
False
Is 610 a multiple of 10?
True
Is 10 a factor of 580?
True
Does 23 divide 7797?
True
Is 1744 a multiple of 116?
False
Is 67 a factor of 1019?
False
Is 162 a multiple of 3?
True
Is 33 a factor of 7689?
True
Is 7858 a multiple of 181?
False
Is 28 a factor of 165?
False
Is 3168 a multiple of 66?
True
Is 54600 a multiple of 12?
True
Is 156 a multiple of 3?
True
Is 1491 a multiple of 7?
True
Is 36 a factor of 3309?
False
Is 15 a factor of 8390?
False
Is 4818 a multiple of 22?
True
Is 28386 a multiple of 18?
True
Is 1040 a multiple of 7?
False
Does 83 divide 1177?
False
Is 10230 a multiple of 6?
True
Is 492 a multiple of 31?
False
Is 952 a multiple of 11?
False
Does 11 divide 6853?
True
Is 18 a factor of 2059?
False
Does 6 divide 16771?
False
Does 29 divide 25404?
True
Is 18 a factor of 791?
False
Does 14 divide 1665?
False
Is 12 a factor of 192174?
False
Is 4 a factor of 1105?
False
Is 894 a multiple of 4?
False
Is 670 a multiple of 19?
False
Is 525 a multiple of 75?
True
Is 33 a factor of 417?
False
Is 180 a multiple of 22?
False
Does 4 divide 2361?
False
Does 285 divide 37653?
False
Is 97 a factor of 35950?
False
Is 6 a factor of 888?
True
Does 2 divide 11089?
False
Does 39 divide 13888?
False
Is 535 a multiple of 46?
False
Is 32 a factor of 3997?
False
Does 40 divide 26640?
True
Does 3 divide 32001?
True
Is 18 a factor of 12939?
False
Is 54 a multiple of 9?
True
Is 34202 a multiple of 7?
True
Does 278 divide 27800?
True
Is 394 a multiple of 10?
False
Does 48 divide 1879?
False
Is 13 a factor of 12277?
False
Is 49 a factor of 9105?
False
Does 3 divide 45?
True
Is 27 a factor of 675?
True
Does 5 divide 88?
False
Is 6518 a multiple of 33?
False
Is 21 a factor of 800?
False
Does 277 divide 35733?
True
Does 16 divide 8160?
True
Does 84 divide 3780?
True
Does 46 divide 14490?
True
Is 8 a factor of 3303?
False
Is 310 a multiple of 5?
True
Is 192 a multiple of 32?
True
Is 6 a factor of 465?
False
Does 3 divide 236?
False
Is 8 a factor of 59?
False
Does 187 divide 5236?
True
Is 114 a factor of 2266?
False
Does 24 divide 57904?
False
Is 880 a multiple of 55?
True
Is 49 a factor of 3550?
False
Is 10624 a multiple of 93?
False
Does 46 divide 87898?
False
Does 24 divide 24353?
False
Is 64 a factor of 704?
True
Is 14 a factor of 1236?
False
Is 48 a factor of 16253?
False
Is 155 a factor of 57482?
False
Is 1817 a multiple of 24?
False
Is 72 a factor of 715?
False
Does 362 divide 54883?
False
Does 70 divide 5305?
False
Is 390 a multiple of 26?
True
Does 29 divide 6257?
False
Is 15 a factor of 1185?
True
Is 4 a factor of 3409?
False
Does 198 divide 22968?
True
Is 1285 a multiple of 33?
False
Is 19 a factor of 2414?
False
Is 30 a multiple of 3?
True
Does 3 divide 120?
True
Is 1506 a multiple of 9?
False
Does 40 divide 15307?
False
Is 407 a multiple of 17?
False
Does 7 divide 864?
False
Is 3 a factor of 3220?
False
Does 3 divide 51?
True
Is 19 a factor of 2113?
False
Does 2 divide 9164?
True
Is 235 a multiple of 47?
True
Does 19 divide 114?
True
Is 44 a factor of 26921?
False
Is 25 a factor of 300?
True
Does 67 divide 5963?
True
Does 12 divide 984?
True
Does 35 divide 10439?
False
Does 11 divide 1705?
True
Is 106 a factor of 41871?
False
Is 3271 a multiple of 63?
False
Is 89 a multiple of 12?
False
Is 268 a multiple of 3?
False
Is 46 a factor of 816?
False
Is 7 a factor of 1812?
False
Does 45 divide 3038?
False
Does 9 divide 2538?
True
Is 866 a multiple of 2?
True
Is 300 a multiple of 12?
True
Is 415 a multiple of 15?
False
Is 6 a factor of 1715?
False
Is 40 a multiple of 4?
True
Is 6720 a multiple of 56?
True
Does 57 divide 42276?
False
Is 34632 a multiple of 156?
True
Is 765 a multiple of 85?
True
Is 15311 a multiple of 62?
False
Does 81 divide 11612?
False
Is 2944 a multiple of 64?
True
Is 20 a factor of 700?
True
Does 10 divide 15000?
True
Does 4 divide 1231?
False
Is 269 a multiple of 6?
False
Is 1350 a multiple of 50?
True
Is 41 a factor of 287?
True
Is 153844 a multiple of 204?
False
Is 61 a factor of 4331?
True
Is 3231 a multiple of 22?
False
Is 40 a factor of 1440?
True
Does 8 divide 1760?
True
Is 22 a factor of 545?
False
Does 31 divide 112269?
False
Is 9664 a multiple of 32?
True
Does 22 divide 1166?
True
Is 21 a factor of 1386?
True
Does 19 divide 40832?
False
Does 20 divide 1444?
False
Is 702 a multiple of 9?
True
Is 21793 a multiple of 17?
False
Does 31 divide 32525?
False
Is 39 a factor of 2340?
True
Is 13 a factor of 18733?
True
Does 22 divide 7668?
False
Is 90 a multiple of 18?
True
Is 10920 a multiple of 91?
True
Does 40 divide 67440?
True
Is 170 a multiple of 17?
True
Is 1071 a multiple of 4?
False
Does 12 divide 64039?
False
Is 15 a factor of 1665?
True
Is 266 a factor of 17024?
True
Does 10 divide 6981?
False
Is 2031 a multiple of 26?
False
Does 97 divide 2522?
True
Does 7 divide 7789?
False
Does 7 divide 239?
False
Is 35 a factor of 1613?
False
Does 15 divide 11895?
True
Is 3310 a multiple of 12?
False
Is 104 a factor of 14248?
True
Is 15 a factor of 7715?
False
Is 77 a factor of 1085?
False
Does 16 divide 1816?
False
Is 444 a multiple of 12?
True
Is 2 a factor of 198?
True
Does 31 divide 4735?
False
Is 81477 a multiple of 54?
False
Is 10 a factor of 2395?
False
Does 27 divide 11879?
False
Is 35 a multiple of 9?
False
Does 28 divide 1009?
False
Is 47 a factor of 147041?
False
Does 21 divide 438?
False
Is 6299 a multiple of 12?
False
Does 4 divide 735?
False
Does 9 divide 20359?
False
Does 16 divide 266?
False
Is 129050 a multiple of 145?
True
Is 116 a factor of 46516?
True
Does 5 divide 11882?
False
Is 52 a factor of 3484?
True
Is 25 a factor of 775?
True
Is 125 a factor of 32502?
False
Is 680 a multiple of 10?
True
Is 101 a factor of 423?
False
Is 22 a factor of 613?
False
Is 5 a factor of 107?
False
Is 7 a factor of 362?
False
Does 55 divide 73402?
False
Does 134 divide 3152?
False
Is 2403 a multiple of 21?
False
Does 5 divide 375?
True
Does 9 divide 2426?
False
Does 19 divide 304?
True
Is 13 a factor of 169?
True
Is 2152 a multiple of 166?
False
Is 52 a factor of 839?
False
Does 9 divide 54?
True
Does 10 divide 1480?
True
Does 47 divide 564?
True
Does 7 divide 1687?
True
Is 812 a multiple of 29?
True
Does 2 divide 475?
False
Does 6 divide 1060?
False
Is 2 a factor of 46?
True
Does 22 divide 7568?
True
Does 6 divide 571?
False
Is 14 a factor of 50988?
True
Does 